the tens digit of 5701098855?
5
What is the thousands digit of 58172284?
2
What is the units digit of 225705870?
0
What is the ten millions digit of 84082370?
8
What is the ten millions digit of 2165223055?
6
What is the millions digit of 325418519?
5
What is the thousands digit of 7652213535?
3
What is the hundred millions digit of 335711466?
3
What is the hundreds digit of 628106613?
6
What is the ten millions digit of 266938243?
6
What is the thousands digit of 1027809030?
9
What is the units digit of 5827191890?
0
What is the units digit of 127477648?
8
What is the thousands digit of 5769063?
9
What is the hundreds digit of 7191580?
5
What is the hundred thousands digit of 1348651468?
6
What is the hundreds digit of 152983586?
5
What is the hundreds digit of 51200948?
9
What is the ten thousands digit of 257007129?
0
What is the hundred thousands digit of 36035217?
0
What is the units digit of 482158123?
3
What is the ten thousands digit of 1881833520?
3
What is the ten thousands digit of 728267408?
6
What is the units digit of 1902115291?
1
What is the tens digit of 1753645486?
8
What is the hundred thousands digit of 78515668?
5
What is the tens digit of 748583426?
2
What is the thousands digit of 465909427?
9
What is the thousands digit of 44754324?
4
What is the hundreds digit of 328296314?
3
What is the millions digit of 1138263999?
8
What is the hundred millions digit of 375271273?
3
What is the millions digit of 260423566?
0
What is the hundred thousands digit of 60884020?
8
What is the thousands digit of 277898289?
8
What is the millions digit of 163106900?
3
What is the tens digit of 2126708072?
7
What is the hundred millions digit of 104226308?
1
What is the ten millions digit of 440948574?
4
What is the millions digit of 425095070?
5
What is the millions digit of 15016388?
5
What is the hundreds digit of 3045633139?
1
What is the ten thousands digit of 576726854?
2
What is the tens digit of 176830281?
8
What is the units digit of 33427723?
3
What is the ten millions digit of 193644829?
9
What is the ten thousands digit of 168872754?
7
What is the ten thousands digit of 85911695?
1
What is the hundred millions digit of 114028027?
1
What is the ten millions digit of 410027677?
1
What is the ten millions digit of 141588532?
4
What is the hundreds digit of 1014294374?
3
What is the millions digit of 159684226?
9
What is the hundred millions digit of 1948230192?
9
What is the hundred millions digit of 2306777813?
3
What is the ten thousands digit of 35900438?
0
What is the tens digit of 677728794?
9
What is the ten millions digit of 96563396?
9
What is the hundred thousands digit of 179510743?
5
What is the millions digit of 4654900098?
4
What is the ten millions digit of 136257014?
3
What is the thousands digit of 30228944?
8
What is the millions digit of 42547915?
2
What is the hundred thousands digit of 108222660?
2
What is the hundreds digit of 3513175655?
6
What is the thousands digit of 233104498?
4
What is the hundred millions digit of 269908955?
2
What is the hundred thousands digit of 204783566?
7
What is the ten thousands digit of 159604175?
0
What is the hundred thousands digit of 60856882?
8
What is the millions digit of 3332790962?
2
What is the ten millions digit of 14088352?
1
What is the hundred millions digit of 510043096?
5
What is the millions digit of 77210920?
7
What is the tens digit of 14222652?
5
What is the thousands digit of 251851140?
1
What is the thousands digit of 40237340?
7
What is the ten millions digit of 332751975?
3
What is the ten thousands digit of 247249908?
4
What is the millions digit of 23758046?
3
What is the thousands digit of 6732441?
2
What is the ten thousands digit of 332986118?
8
What is the ten thousands digit of 107897127?
9
What is the hundred millions digit of 235286837?
2
What is the billions digit of 1752598420?
1
What is the hundreds digit of 304694431?
4
What is the units digit of 272044083?
3
What is the units digit of 90550929?
9
What is the millions digit of 68426718?
8
What is the ten thousands digit of 85381956?
8
What is the ten millions digit of 152348313?
5
What is the billions digit of 4070009368?
4
What is the tens digit of 595304379?
7
What is the thousands digit of 79150967?
0
What is the thousands digit of 164396328?
6
What is the millions digit of 50981843?
0
What is the hundred millions digit of 172527795?
1
What is the tens digit of 18876464?
6
What is the units digit of 51005820?
0
What is the millions digit of 78316818?
8
What is the ten thousands digit of 849394633?
9
What is the hundred millions digit of 112485206?
1
What is the hundred millions digit of 2296563681?
2
What is the hundred thousands digit of 145014507?
0
What is the ten millions digit of 63481522?
6
What is the millions digit of 61805921?
1
What is the ten thousands digit of 3291695310?
9
What is the hundreds digit of 93328051?
0
What is the thousands digit of 2284966?
4
What is the thousands digit of 205971890?
1
What is the units digit of 3148293515?
5
What is the hundreds digit of 464260104?
1
What is the hundred millions digit of 104930541?
1
What is the hundred millions digit of 1266734562?
2
What is the ten thousands digit of 2180552986?
5
What is the units digit of 874075037?
7
What is the hundreds digit of 2525417?
4
What is the ten thousands digit of 33896679?
9
What is the ten millions digit of 109335033?
0
What is the ten thousands digit of 427393594?
9
What is the hundred thousands digit of 2985705759?
7
What is the billions digit of 1272872688?
1
What is the thousands digit of 2675491533?
1
What is the hundreds digit of 326077096?
0
What is the hundreds digit of 25821002?
0
What is the ten millions digit of 56550107?
5
What is the ten millions digit of 574983989?
7
What is the millions digit of 1486391?
1
What is the thousands digit of 3321383320?
3
What is the hundred millions digit of 160542534?
1
What is the hundred thousands digit of 10655747?
6
What is the ten thousands digit of 697420829?
2
What is the hundred thousands digit of 135341148?
3
What is the hundred millions digit of 568024896?
5
What is the tens digit of 45168748?
4
What is the hundred millions digit of 133814733?
1
What is the tens digit of 3746015297?
9
What is the hundreds digit of 182358985?
9
What is the hundred millions digit of 791368512?
7
What is the tens digit of 2350940661?
6
What is the ten millions digit of 20350955?
2
What is the millions digit of 344466414?
4
What is the ten thousands digit of 174564732?
6
What is the units digit of 178553498?
8
What is the units digit of 134111845?
5
What is the hundred millions digit of 1384906960?
3
What is the millions digit of 39938940?
9
What is the hundreds digit of 2459657340?
3
What is the hundred thousands digit of 300992549?
9
What is the hundreds digit of 145954771?
7
What is the ten thousands digit of 1213887454?
8
What is the ten millions digit of 19990615?
1
What is the ten millions digit of 54093908?
5
What is the hundreds digit of 178719347?
3
What is the thousands digit of 241950927?
0
What is the thousands digit of 289328043?
8
What is the hundred millions digit of 550135839?
5
What is the tens digit of 79174072?
7
What is the units digit of 58727195?
5
What is the millions digit of 310806605?
0
What is the hundred millions digit of 107793634?
1
What is the ten thousands digit of 198093091?
9
What is the hundred thousands digit of 438074234?
0
What is the thousands digit of 5597862723?
2
What is the ten thousands digit of 4761563463?
6
What is the hundreds digit of 958226?
2
What is the units digit of 98154330?
0
What is the hundreds digit of 91678792?
7
What is the thousands digit of 118795346?
5
What is the ten thousands digit of 65990884?
9
What is the tens digit of 18169070?
7
What is the ten millions digit of 45994105?
4
What is the thousands digit of 629370476?
0
What is the hundred thousands digit of 5721882272?
8
What is the hundred thousands digit of 74448254?
4
What is the thousands digit of 10498227?
8
What is the hundreds digit of 1596062357?
3
What is the thousands digit of 6945961098?
1
What is the tens digit of 6258373?
7
What is the ten thousands digit of 4562613005?
1
What is the hundred thousands digit of 2575263502?
2
Wha